r of 725 and 1073.
29
Calculate the greatest common factor of 306 and 72.
18
Calculate the greatest common divisor of 22 and 506.
22
What is the greatest common divisor of 944 and 144?
16
What is the greatest common divisor of 627 and 114?
57
Calculate the highest common divisor of 132 and 774.
6
Calculate the greatest common factor of 710 and 10.
10
Calculate the highest common divisor of 44970 and 30.
30
What is the highest common divisor of 196 and 4?
4
Calculate the greatest common divisor of 5150 and 150.
50
What is the greatest common factor of 139 and 3753?
139
Calculate the greatest common factor of 492 and 3.
3
What is the highest common divisor of 9 and 6?
3
What is the highest common divisor of 264 and 220?
44
What is the highest common divisor of 9 and 1971?
9
Calculate the highest common factor of 24 and 15.
3
Calculate the greatest common divisor of 989 and 43.
43
What is the greatest common divisor of 43 and 387?
43
Calculate the greatest common divisor of 2386 and 1.
1
Calculate the highest common divisor of 1004 and 12.
4
Calculate the greatest common factor of 448 and 42.
14
What is the greatest common divisor of 96 and 81?
3
What is the greatest common divisor of 299 and 832?
13
Calculate the highest common divisor of 72 and 612.
36
Calculate the greatest common factor of 144 and 666.
18
Calculate the highest common divisor of 9 and 657.
9
What is the greatest common factor of 156 and 39?
39
Calculate the highest common factor of 94 and 3995.
47
Calculate the highest common factor of 216 and 40.
8
What is the greatest common factor of 52 and 65?
13
What is the highest common divisor of 567 and 162?
81
What is the highest common factor of 50 and 310?
10
Calculate the highest common factor of 6929 and 1183.
169
What is the highest common divisor of 3 and 213?
3
What is the greatest common factor of 47801 and 13?
13
What is the highest common divisor of 188 and 423?
47
Calculate the highest common divisor of 9018 and 108.
54
Calculate the highest common factor of 385 and 1232.
77
Calculate the greatest common factor of 2000 and 10.
10
Calculate the highest common factor of 70 and 2485.
35
What is the highest common divisor of 80 and 7?
1
What is the highest common factor of 19 and 1?
1
Calculate the greatest common factor of 42 and 4374.
6
What is the highest common factor of 224 and 280?
56
What is the highest common divisor of 5 and 3305?
5
What is the highest common factor of 99 and 10791?
99
What is the highest common divisor of 3813 and 328?
41
What is the greatest common divisor of 200 and 1030?
10
What is the greatest common factor of 272 and 80?
16
Calculate the greatest common factor of 2997 and 162.
81
Calculate the highest common factor of 83 and 664.
83
What is the highest common factor of 98 and 8666?
14
Calculate the highest common divisor of 105 and 555.
15
Calculate the greatest common divisor of 505 and 4343.
101
What is the highest common divisor of 735 and 336?
21
What is the highest common factor of 3273 and 3?
3
What is the greatest common divisor of 5 and 3865?
5
What is the highest common factor of 35 and 840?
35
Calculate the greatest common factor of 3870 and 405.
45
Calculate the highest common divisor of 11456 and 537.
179
Calculate the greatest common divisor of 1 and 509.
1
Calculate the highest common divisor of 120 and 96.
24
Calculate the highest common factor of 53 and 583.
53
Calculate the greatest common divisor of 4005 and 623.
89
Calculate the highest common factor of 236 and 44.
4
What is the highest common factor of 52650 and 39?
39
Calculate the highest common factor of 25 and 50075.
25
Calculate the highest common factor of 63 and 423.
9
What is the highest common factor of 340 and 12070?
170
Calculate the highest common divisor of 539 and 245.
49
What is the highest common factor of 215 and 989?
43
Calculate the greatest common factor of 84 and 2247.
21
What is the greatest common divisor of 592 and 259?
37
Calculate the highest common factor of 440 and 15.
5
What is the greatest common divisor of 147 and 120?
3
What is the highest common divisor of 96 and 144?
48
Calculate the highest common factor of 39 and 2912.
13
Calculate the greatest common divisor of 105 and 7385.
35
Calculate the greatest common divisor of 84 and 132.
12
What is the highest common divisor of 155 and 527?
31
What is the greatest common factor of 147 and 4459?
49
Calculate the highest common divisor of 147 and 1743.
21
Calculate the greatest common divisor of 5292 and 490.
98
Calculate the highest common factor of 2184 and 1512.
168
Calculate the greatest common divisor of 532 and 13756.
76
Calculate the highest common factor of 75 and 300.
75
What is the greatest common divisor of 153 and 1224?
153
What is the greatest common factor of 84 and 12?
12
What is the highest common divisor of 4234 and 58?
58
Calculate the greatest common divisor of 650 and 52.
26
What is the highest common divisor of 620 and 20?
20
What is the highest common divisor of 285 and 1785?
15
Calculate the highest common divisor of 742 and 7.
7
What is the highest common factor of 441 and 1827?
63
Calculate the highest common divisor of 513 and 27.
27
Calculate the greatest common divisor of 56 and 98.
14
What is the greatest common divisor of 183 and 122?
61
Calculate the greatest common factor of 37 and 407.
37
Calculate the highest common factor of 27354 and 194.
194
Calculate the highest common factor of 30 and 190.
10
Calculate the greatest common factor of 999 and 27.
27
What is the highest common divisor of 2 and 2626?
2
Calculate the greatest common factor of 18 and 18.
18
What is the greatest common divisor of 108 and 16?
4
What is the highest common divisor of 24872 and 32?
8
Calculate the greatest common factor of 1886 and 184.
46
Calculate the highest common divisor of 14 and 350.
14
Calculate the highest common factor of 75 and 200.
25
What is the greatest common factor of 676 and 52?
52
Calculate the greatest common factor of 231 and 616.
77
Calculate the greatest common divisor of 203 and 551.
29
What is the highest common divisor of 858 and 44?
22
What is the greatest common divisor of 17 and 68?
17
What is the greatest common factor of 55 and 143?
11
What is the highest common divisor of 38 and 2774?
38
Calculate the greatest common factor of 38 and 1577.
19
Calculate the greatest common factor of 128 and 4.
4
Calculate the highest common factor of 722 and 38.
38
What is the greatest common factor of 52 and 884?
52
Calculate the highest common factor of 21 and 903.
21
What is the greatest common divisor of 64 and 8?
8
Calculate the greatest common factor of 3248 and 32.
16
What is the greatest common factor of 602 and 2709?
301
Calculate the greatest common divisor of 1818 and 414.
18
Calculate the highest common factor of 20 and 100.
20
What is the greatest common factor of 48 and 4400?
16
What is the highest common factor of 73853 and 299?
299
Calculate the highest common divisor of 120 and 75.
15
What is the highest common divisor of 31200 and 30?
30
What is the highest common factor of 284 and 12?
4
What is the highest common divisor of 101 and 1616?
101
Calculate the highest common divisor of 330 and 870.
30
What is the highest common divisor of 54 and 243?
27
What is the greatest common divisor of 693 and 14?
7
What is the greatest common factor of 295 and 10?
5
Calculate the greatest common divisor of 29 and 5.
1
Calculate the highest common factor of 1144 and 704.
88
Calculate the highest common factor of 192 and 60.
12
Calculate the greatest common divisor of 1771 and 7.
7
What is the highest common factor of 228 and 2812?
76
What is the greatest common factor of 357 and 51?
51
Calculate the highest common divisor of 18 and 783.
9
What is the highest common factor of 2052 and 108?
108
Calculate the greatest common factor of 198 and 7260.
66
Calculate the greatest common divisor of 7 and 27.
1
What is the greatest common divisor of 14 and 6?
2
Calculate the greatest common factor of 64 and 44.
4
What is the greatest common factor of 259 and 481?
37
Calculate the highest common factor of 9 and 99.
9
What is the greatest common divisor of 824 and 103?
103
What is the greatest common divisor of 256 and 17792?
128
W